11) to base 8.
13
Convert 257 (base 8) to base 6.
451
Convert 2 (base 9) to base 14.
2
What is -7 (base 12) in base 16?
-7
Convert 1 (base 8) to base 16.
1
Convert -20 (base 16) to base 14.
-24
330 (base 6) to base 10
126
What is 3101 (base 4) in base 2?
11010001
77 (base 16) to base 15
7e
Convert -2 (base 13) to base 8.
-2
Convert 9 (base 14) to base 3.
100
What is -1 (base 14) in base 2?
-1
What is 10 (base 8) in base 2?
1000
Convert 3 (base 14) to base 10.
3
a3 (base 14) to base 11
120
What is 2 (base 9) in base 10?
2
32 (base 11) to base 2
100011
1 (base 14) to base 9
1
Convert 217 (base 10) to base 12.
161
0 (base 3) to base 10
0
Convert -56 (base 9) to base 7.
-102
Convert 10 (base 10) to base 12.
a
What is -32 (base 11) in base 10?
-35
-13 (base 5) to base 13
-8
Convert -2 (base 7) to base 12.
-2
4f (base 16) to base 3
2221
What is 24 (base 5) in base 4?
32
Convert -128 (base 10) to base 13.
-9b
Convert 5 (base 13) to base 14.
5
-3 (base 11) to base 15
-3
What is -4 (base 12) in base 9?
-4
What is -10010 (base 2) in base 12?
-16
42 (base 6) to base 10
26
-50 (base 9) to base 3
-1200
Convert -110 (base 2) to base 3.
-20
Convert -410 (base 6) to base 8.
-226
What is 20 (base 4) in base 9?
8
2 (base 10) to base 3
2
-4 (base 12) to base 16
-4
What is 0 (base 16) in base 6?
0
1 (base 8) to base 4
1
11 (base 6) to base 15
7
What is -11 (base 3) in base 8?
-4
Convert -240 (base 8) to base 2.
-10100000
-70 (base 12) to base 14
-60
1 (base 13) to base 2
1
What is 52 (base 9) in base 13?
38
What is -11 (base 12) in base 11?
-12
-11 (base 11) to base 16
-c
-3 (base 10) to base 11
-3
What is 178 (base 9) in base 6?
412
Convert 2 (base 11) to base 15.
2
-10101000 (base 2) to base 5
-1133
1 (base 15) to base 4
1
-9 (base 12) to base 14
-9
1000 (base 2) to base 12
8
What is 0 (base 11) in base 3?
0
Convert -37 (base 14) to base 11.
-45
Convert 3 (base 9) to base 7.
3
Convert -c4 (base 15) to base 12.
-134
What is 9 (base 10) in base 5?
14
-83 (base 9) to base 4
-1023
What is 14 (base 14) in base 11?
17
Convert 25 (base 9) to base 8.
27
-412 (base 6) to base 7
-305
Convert 221 (base 5) to base 15.
41
Convert -101110001 (base 2) to base 5.
-2434
54 (base 8) to base 7
62
-2 (base 8) to base 11
-2
What is 9 (base 12) in base 10?
9
What is 1 (base 16) in base 2?
1
2 (base 13) to base 10
2
Convert 1 (base 12) to base 16.
1
What is 38 (base 15) in base 9?
58
What is 6 (base 8) in base 16?
6
Convert 9 (base 16) to base 4.
21
Convert 4 (base 6) to base 2.
100
66 (base 8) to base 12
46
What is 44 (base 7) in base 3?
1012
Convert 12 (base 10) to base 2.
1100
What is -14 (base 8) in base 3?
-110
What is -5 (base 8) in base 7?
-5
Convert -10 (base 2) to base 11.
-2
Convert -300 (base 5) to base 16.
-4b
What is 76 (base 8) in base 15?
42
Convert -16 (base 9) to base 13.
-12
What is 10 (base 8) in base 12?
8
112 (base 3) to base 10
14
What is 5a (base 15) in base 11?
78
What is 3001 (base 4) in base 14?
db
Convert 49 (base 15) to base 5.
234
10 (base 4) to base 3
11
-10101 (base 2) to base 4
-111
Convert 4 (base 7) to base 10.
4
What is 77 (base 11) in base 4?
1110
Convert 1d (base 14) to base 8.
33
What is -6 (base 16) in base 5?
-11
414 (base 5) to base 15
74
151 (base 6) to base 15
47
What is -15 (base 13) in base 11?
-17
22 (base 16) to base 12
2a
What is 1000 (base 5) in base 13?
98
What is -61 (base 9) in base 8?
-67
What is -4 (base 7) in base 9?
-4
Convert -2 (base 5) to base 13.
-2
What is 2 (base 4) in base 14?
2
Convert 2 (base 6) to base 12.
2
What is 3 (base 11) in base 10?
3
What is -6 (base 7) in base 12?
-6
Convert 7 (base 8) to base 14.
7
What is 15 (base 7) in base 4?
30
-3 (base 8) to base 7
-3
What is 101 (base 2) in base 4?
11
-10 (base 5) to base 3
-12
-110 (base 2) to base 12
-6
Convert -5 (base 6) to base 7.
-5
-4 (base 14) to base 7
-4
What is e (base 15) in base 5?
24
What is 1022 (base 3) in base 16?
23
Convert 27 (base 11) to base 13.
23
52 (base 7) to base 16
25
What is 1 (base 4) in base 7?
1
What is 9 (base 11) in base 6?
13
What is -2130 (base 4) in base 11?
-132
What is 5 (base 8) in base 2?
101
What is -43 (base 13) in base 16?
-37
-5 (base 14) to base 8
-5
10000110 (base 2) to base 7
251
Convert -1001 (base 2) to base 5.
-14
What is -9 (base 10) in base 9?
-10
-4 (base 15) to base 4
-10
Convert 76 (base 11) to base 16.
53
-4a (base 14) to base 7
-123
What is 30 (base 6) in base 15?
13
Convert 135 (base 10) to base 14.
99
Convert 18 (base 16) to base 2.
11000
Convert -452 (base 6) to base 3.
-20112
Convert -2 (base 6) to base 15.
-2
What is 1000 (base 2) in base 4?
20
-1 (base 13) to base 9
-1
Convert -16 (base 8) to base 10.
-14
Convert 5 (base 9) to base 14.
5
-5 (base 12) to base 5
-10
What is -20 (base 6) in base 7?
-15
Convert -8 (base 10) to base 3.
-22
What is -6 (base 9) in base 8?
-6
22 (base 6) to base 14
10
Convert 2 (base 7) to base 10.
2
Convert 21 (base 14) to base 16.
1d
8 (base 10) to base 5
13
Convert a (base 16) to base 9.
11
What is 0 (base 4) in base 6?
0
What is -3 (base 12) in base 15?
-3
What is -322 (base 6) in base 2?
-1111010
What is 306 (base 10) in base 11?
259
Convert 321 (base 4) to base 9.
63
What is -139 (base 16) in base 2?
-100111001
What is -3 (base 15) in base 2?
-11
Convert -5 (base 10) to base 14.
-5
1103 (base 6) to base 9
313
What is -22 (base 12) in base 3?
-222
-c (base 15) to base 14
-c
-170 (base 11) to base 10
-198
-3043 (base 5) to base 2
-110001110
Convert 33 (base 8) to base 10.
27
What is -310 (base 4) in base 3?
-1221
Convert -3 (base 4) to base 11.
-3
Convert -110100 (base 2) to base 10.
-52
1 (base 10) to base 9
1
Convert -32 (base 10) to base 6.
-52
What is 1b (base 15) in base 11?
24
What is 0 (base 4) in base 10?
0
What is -3 (base 16) in base 13?
-3
What is 32 (base 6) in base 11?
19
What is -1 (base 4) in base 9?
-1
What is 34 (base 8) in base 5?
103
12 (base 12) to base 5
24
Convert -26 (base 7) to base 13.
-17
11 (base 16) to base 13
14
What is -2 (base 14) in base 3?
-2
-20 (base 3) to base 8
-6
Convert -11 (base 14) to base 10.
-15
Convert -18 (base 12) to base 16.
-14
What is -137 (base 8) in base 4?
-1133
Convert -154 (base 7) to base 14.
-64
What is -6 (base 7) in base 16?
-6
11 (base 14) to base 11
14
Convert -2304 (base 5) to base 3.
-110012
What is 101010100 (base 2) in base 15?
17a
-1 (base 16) to base 11
-1
Convert -2341 (base 5) to base 9.
-424
What is 99 (base 16) in base 8?
231
-1120 (base 3) to base 15
-2c
What is 1 (base 5) in base 13?
1
Convert 25 (base 11) to base 5.
102
What is 2 (base 16) in base 4?
2
Convert 9 (base 11) to base 2.
1001
What is -311 (base 9) in base 11?
-210
What is -3 (base 11) in base 2?
-11
Convert -32 (base 7) to base 6.
-35
Convert -4 (base 16) to base 7.
-4
230 (base 4) to base 8
54
Convert -1010111 (base 2) to base 9.
-106
3 (base 9) to base 13
3
-2 (base 14) to base 2
-10
Convert -2 (base 8) to base 10.
-2
What is 0 (base 3) in base 5?
0
-71 (base 11) to base 10
-78
What is 31 (base 13) in base 6?
104
-59 (base 11) to base 12
-54
-122 (base 3) to base 4
-101
What is ab (base 13) in base 6?
353
9 (base 10) to base 14
9
Convert a (base 14) to base 13.
a
What is -21121 (base 3) in base 12?
-151
What is 0 (base 5) in base 15?
0
Convert -12 (base 4) to base 9.
-6
-3 (base 6) to base 5
-3
What is -16 (base 15) in base 16?
-15
-14 (base 5) to base 11
-9
What is d1 (base 15) in base 12?
144
Convert -4 (base 6) to base 4.
-10
Convert -11 (base 11) to base 9.
-13
-21 (base 8) to base 16
-11
Convert -2 (base 7) to base 6.
-2
Convert 1 (base 3) to base 11.
1
Convert 233 (base 5) to base 3.
2112
Convert -17 (base 12) to base 4.
-103
What is -2333 (base 4) in base 6?
-515
What is -15 (base 15) in base 10?
-20
Convert -5 (base 8) to base 4.
-11
What is -1110 (base 4) in base 16?
-54
52 (base 16) to base 15
57
Convert -27 (base 14) to base 12.
-2b
What is 3 (base 15) in base 16?
3
What is -111 (base 2) in base 11?
-7
72 (base 13) to base 16
5d
What is c (base 14) in base 15?
c
What is 3 (base 13) in base 15?
3
Convert 22 (base 5) to base 7.
15
-2b (base 14) to base 4
-213
0 (base 4) to base 3
0
Convert -5 (base 13) to base 3.
-12
-2 (base 4) to base 14
-2
Convert -4 (base 5) to base 13.
-4
What is -2 (base 11) in base 14?
-2
Convert 3 (base 8